-5)/(0 - -2). Is j(i) composite?
True
Let x be (-1 + 2)/(1/47). Let d(r) = -r**3 - 2*r - x + 0*r**3 + 44 + 13*r**2. Is d(11) prime?
False
Let z(x) = 293*x**2 + 308*x + 15020. Is z(-67) composite?
False
Let q(l) = 1308*l. Let w be q(2). Let d = w + -325. Is d a composite number?
True
Let s(f) = f**2 - 24*f - 47. Let y be s(26). Suppose 2*w + 2*g = y*g + 13991, -15 = -3*g. Is w a prime number?
False
Let m(x) = 1. Let f(y) = -17*y**2 + 5*y - 5. Let i(z) = -f(z) - 6*m(z). Let b be (1 - 1/7)/((-27)/(-126)). Is i(b) a composite number?
False
Let r be (-4 + 1)*-6*(-6)/9. Let c be r/54 - (-18713)/9. Suppose 5*x = 2*y - 858, 0 = -2*y - 3*y - 4*x + c. Is y a composite number?
False
Let s(z) = z**3 - 17*z**2 - 26*z - 48. Let i be s(22). Suppose 8*w - 29928 = -i. Let v = w + -2507. Is v a composite number?
False
Let v(g) = -6*g**3 + 2*g**2 - 5*g - 4. Let z(w) = -w**2 + 7*w - 9. Suppose -5*a + 2*y + 38 = 0, -y - y - 8 = 0. Let p be z(a). Is v(p) a composite number?
False
Suppose -7*b + 85706 + 2739 = 0. Is 12/(-16) - b/(-20) composite?
False
Let w(z) = 221036*z - 117. Is w(1) composite?
False
Let w be ((-36)/14)/(-6)*-7. Is w/(-15)*-3 + 234176/10 a composite number?
False
Suppose 11*z + 46224 = 14*z. Let r = z - 9055. Is r prime?
True
Let w be (5/(25/(-22)))/(14/(-70)). Is (w/(-33))/((-6)/92817) composite?
False
Suppose 2*k - 3*l - 78592 = 0, 2*l + 101 = 97. Is k composite?
False
Suppose 74*c = 23811886 + 31798596. Is c a prime number?
False
Let n = -73384 - -107799. Is n a prime number?
False
Suppose -c - 33*o = -36*o - 1058968, -c = -5*o - 1058974. Is c prime?
False
Let r = 47257 + 352710. Is r composite?
True
Let q = -22569 + 31862. Is q prime?
True
Suppose 2533*g = 2528*g + 249245. Is g prime?
False
Is ((-563319)/15)/((-60)/300) composite?
True
Let i = 84117 - 42538. Is i a prime number?
True
Let z(s) = -s**3 + 18*s**2 - 10*s - 20. Let x be 4/14 + (-5589)/(-63). Suppose -x - 61 = -10*f. Is z(f) a composite number?
True
Let l(m) = -21415*m**3 - 11*m**2 - 34*m + 3. Is l(-3) prime?
False
Let s(u) = 184*u**2 + 72*u - 509. Is s(10) a prime number?
False
Let k be (-3 - 2) + (6840/(-3))/3. Let p = k + 2704. Is p a prime number?
False
Let p = -403955 - -674842. Is p a composite number?
True
Suppose -930*y = -956*y + 7761338. Is y prime?
True
Let m be -9*(((-35)/(-3))/(-5) - -2). Suppose -m*y - 3*v + 3585 = 0, 4*v = -2*y + 3350 - 956. Is y composite?
False
Let k(h) be the first derivative of h**3/3 - 6*h**2 + 43*h - 90. Is k(10) prime?
True
Let c(p) = -3*p**2 - 6*p - 3. Let h be c(-1). Suppose h = -3*d + 5*z + 19 + 48, z - 17 = -d. Let k(j) = -j**3 + 23*j**2 - 28*j - 33. Is k(d) composite?
True
Suppose 4*p - 27 = -l, p = -2*l - 2*p + 59. Suppose 4869 = -28*h + l*h. Is h a prime number?
False
Suppose v = 5*v - 33712. Suppose -28864 = -12*u - v. Is u composite?
True
Suppose -2*y = 3*y. Suppose 0 = 4*j - n + 2190, y*j + 4*n - 2732 = 5*j. Let i = -166 - j. Is i a composite number?
True
Let k(a) = -a + 1. Let t be k(-3). Suppose -2*i - 1844 = -3*i - 3*y, t*i + y = 7365. Suppose 12*w - 19*w = -i. Is w a prime number?
True
Let m be (-2)/(-4)*12/(-2) - -21. Suppose -m*w = -74790 - 72378. Suppose 1892 = 12*k - w. Is k prime?
True
Suppose 0 = -4*y + 4*n + 223472, 5*y - 2*y - 11*n - 167564 = 0. Is y prime?
False
Let q be 32/112 - (-26)/7. Suppose -3*g = -4*g - q*b + 2947, -5*b = 20. Is g prime?
True
Let n(y) = -15*y + 1801. Let k = 228 - 228. Is n(k) a prime number?
True
Suppose 81*q + 97*q - 37*q - 25061199 = 0. Is q prime?
True
Let d = -6630 - -11482. Let x = -8 - -11. Suppose 7*v = x*v + d. Is v a composite number?
False
Let m(b) = -81 - 19 + 763*b - 2578*b - 159 - 2942*b. Is m(-4) composite?
True
Suppose 1201 - 4393 = -4*a. Let g = a - -98. Is g + 4/(12/(-9)) a prime number?
False
Let s be 7 + 2/(-2)*1. Suppose 5*u + 6 = 3*x - 20, -5*x - 10 = 5*u. Is x/(5/(29235/s)) a prime number?
True
Let d(t) = -t**3 - t**2 + 41*t + 5. Let g be d(6). Let y(x) be the second derivative of -1343*x**5/20 - x**3/6 - x**2/2 + 2*x. Is y(g) prime?
False
Let o(m) = -121*m**3 + 2*m**2 + 4*m - 1. Let i(n) = -2*n**2 - 10*n + 3. Let x be i(-5). Let t be o(x). Let j = 5771 + t. Is j composite?
True
Suppose 4*q = -3*b + 3581487, 0 = -b - 841*q + 846*q + 1193791. Is b composite?
False
Suppose -v + 37*l - 39*l = -11, 4*v + 8 = 5*l. Is ((2 - v)/(-1))/(4/340) composite?
True
Suppose -66 = -2*w + 4*b, 2*w + 3*b - 42 = -b. Is (90/w)/((-2)/(-198)) - 1 a prime number?
False
Suppose 27 = 5*j - 28. Let f = 8 - j. Is (-2)/1 + f + 1950 composite?
True
Let r(k) = 13*k**2 + 37*k + 56. Let x be r(-30). Suppose 22*v - x = 1740. Is v a composite number?
False
Let c(j) = -12*j**2 - 44*j + 45. Let m be c(34). Let f = 1620 - m. Is f a composite number?
False
Let u(k) = 479*k**3 + 2*k**2 + k - 8. Let b be u(-3). Let i = -5967 - b. Is i a composite number?
False
Let f(b) = -393*b - 4. Let v be f(-1). Let w(s) = -v + 41*s + 67*s + 374. Is w(8) prime?
False
Suppose 4135 + 124533 = 19*v. Let d(m) = m + 1. Let g be d(-1). Suppose 23*t - 27*t + v = g. Is t composite?
False
Let t(s) be the third derivative of -13*s**5/10 - 5*s**4/24 - 2*s**3 - 2*s**2. Let o be t(-5). Is (-2)/2 + (13 - o) a prime number?
True
Let r(l) = -3*l**3 - l**2 + 2. Let m be r(-1). Let f = -3439 + 6968. Suppose x - 4710 = -m*c, f = 4*c - c - x. Is c a prime number?
False
Suppose -153568209 = -108*p - 69*p. Is p prime?
True
Let l = -34460 + 88489. Is l composite?
True
Is (13217586/4 - -1) + 170/(-340) composite?
False
Let j(a) = 2*a**3 - 10*a - 7. Let t(u) = -u + 0*u**3 - 13 + 3*u**3 - 3*u**3 + u**3 + 22*u**2. Let g be t(-22). Is j(g) prime?
True
Let b(s) = -4192*s + 20. Let n(d) = -d**3 - 15*d**2 + 18*d + 25. Let u be n(-16). Let l be b(u). Is ((-12)/(-18))/(8/l) prime?
True
Suppose -158516 = 4*n - 608160. Is n a prime number?
False
Let u(a) = 4989*a - 725. Is u(8) prime?
False
Let u(r) = 51 - 130 + 60 - 147*r. Suppose 0*c - 3*c - 24 = 0. Is u(c) a composite number?
True
Let h be 1/(-4) + 17012/16. Let z = h - 2398. Let d = 2486 + z. Is d composite?
False
Suppose 5*i + z - 626707 - 387384 = 0, 7*z + 202775 = i. Is i composite?
False
Let g = -116756 - -569119. Is g a prime number?
True
Let q = 26 + -14. Let t be 3/q*-74*(-4)/2. Suppose 0 = -t*y + 45*y - 3608. Is y composite?
True
Let u(y) = 414*y**2 - 46*y - 1117. Is u(-44) composite?
True
Suppose -4*q - 60 = 8*q. Let f(i) = i**3 + 7*i**2 + 9*i + 4. Let r be f(q). Is 2/1 + -1 + 81 + r a composite number?
True
Let q = 2395 - 1696. Suppose 73 + q = 4*p. Let k = p - 126. Is k composite?
False
Suppose -150 = -4*k - 2*k. Suppose 0 = 2*a - 19 + k. Is a + (16 - (-2 - 0)) a composite number?
True
Suppose 630752 = 18*s - 455818. Is s a prime number?
False
Let s(t) = -4*t - 5. Let a be s(4). Let b be -3 + (-440)/(-143) - (-4629)/(-13). Let m = a - b. Is m a prime number?
False
Let o = 381229 - 251522. Is o prime?
True
Suppose -2*n + 4*f + 0*f = -26, 0 = -n - 5*f + 41. Let m = n + -17. Suppose m*d - 669 = d. Is d composite?
False
Let o(c) be the first derivative of -388*c**2 + 97*c + 19. Is o(-9) a composite number?
True
Suppose -19*j + 2475264 + 1039603 = 0. Is j a prime number?
True
Let k be (-308739)/(-42) - 22/(-308). Let r = -2652 + k. Is r prime?
False
Suppose 14346 = -5*d + 23*d. Suppose 0 = d*h - 796*h - 3079. Is h a prime number?
True
Suppose -2*f + 851 = 21*f. Suppose 6189 = -f*d + 43004. Is d a prime number?
False
Let n(f) be the first derivative of f**7/840 - 7*f**6/360 + 7*f**5/120 + f**4/3 - 7*f**3/3 - 14. Let o(q) be the third derivative of n(q). Is o(9) prime?
True
Let r(z) = -139*z - 5 + 2*z + 11. Let y be 2/4 - 711/158. Is r(y) composite?
True
Suppose 3*j - 55769 = 4*a, -5*j + 5*a - 2*a + 92930 = 0. Is j composite?
False
Is (-53742)/(-16) + -6 + (-8 - (-455)/56) composite?
True
Let v(t) = 2*t**2 + 40*t + 30. Let l be v(-25). Is (l/(-7))/(-10) - (-2058 + 0) prime?
False
Let y be (-1 + 1)/(-1)*(-1)/3. Suppose -2*w - 24 = -y*w - 4*l, 2*w = 3*l - 23. Is -7 + (-14244)/w + (-2)/5 a composite number?
True
Let q(v) = -2*v**3 + 2*v**2 - 12*v + 79. Is q(-12) a prime number?
True
Let z be (-10)/(-25) + (-8)/(-5). Suppose -3*p = -r + 5, -3*r + 8*r + 3*p = 43. Suppose r*j + 951 = z*n + 3*j, -3*n + 5*j = -1429. Is n prime?
False
Suppose 0 = -4*l - u + 491065, -7*l - 5*u = -2*l - 613820. Is l a prime numb